 k(3)?
12
Let b(k) = -5*k - 9. Determine b(-4).
11
Let b(q) = -2*q**2 - q - 11. What is b(-7)?
-102
Let a(f) = -2*f**2 - f. What is a(1)?
-3
Let l(a) = 2*a**2 - 34*a + 50. Determine l(15).
-10
Let s(g) = 6*g - 217. What is s(38)?
11
Let t(s) = 2*s**2 + 43*s + 20. Give t(-21).
-1
Let x(b) = 5*b**2 - 10*b - 18. Calculate x(5).
57
Let j(v) = -11*v + 14. What is j(3)?
-19
Let g(d) = d**3 + 7*d**2 - 3*d + 21. Calculate g(-8).
-19
Let y(x) = x**3 - x**2 + x + 21. What is y(0)?
21
Let v(h) = -h**3 - 19*h**2 - 17*h + 13. What is v(-18)?
-5
Let i(t) = 45*t + 3. Give i(-2).
-87
Let r(h) = 4*h + 33. Give r(-16).
-31
Let n(b) = -b + 6. What is n(5)?
1
Let t(j) = 4*j + 97. Determine t(-29).
-19
Let a(w) = 5*w**2 - 37*w - 18. Determine a(8).
6
Let y(g) = -g**2 + 27*g - 54. What is y(26)?
-28
Let z(x) = x**3 + 9*x**2 + 12*x - 12. What is z(-7)?
2
Let q(p) = -15*p**2 + 3*p + 3. Determine q(-2).
-63
Let t(o) = 2*o + 21. Determine t(-8).
5
Let l(a) = 2*a**2 + 15*a + 25. Calculate l(-3).
-2
Let v(g) = -15*g + 197. Determine v(13).
2
Let r(w) = w**3 - 10*w**2 - 9*w - 12. Determine r(11).
10
Let f(g) = 20*g - 28. Calculate f(3).
32
Let w(j) = -j**2 - 21*j - 79. Determine w(-9).
29
Let s(n) = 2*n - 14. Give s(11).
8
Let p(i) = -45*i + 35. Calculate p(1).
-10
Let g(i) = 31*i - 1. What is g(1)?
30
Let d(w) = w**3 - 2*w**2. Determine d(1).
-1
Let r(w) = 4*w**2 - w + 24. What is r(0)?
24
Let k(x) = x**2 - 16*x + 6. Determine k(13).
-33
Let k(b) = -46*b + 1. Give k(1).
-45
Let m(h) = -h - 2. What is m(-9)?
7
Let p(s) = -4*s**2 + 2*s - 3. What is p(-3)?
-45
Let x(j) = -4*j**2 + 6*j - 11. What is x(3)?
-29
Let f(o) = 3*o**2 + 100*o - 21. Determine f(-34).
47
Let u(c) = 3*c - 200. What is u(69)?
7
Let d(o) = o**2 + 12*o - 10. Give d(-10).
-30
Let m(b) = b**2 + 14. Give m(0).
14
Let c(s) = s**2 + 5*s + 2. Determine c(-8).
26
Let x(r) = 2*r + 2. What is x(3)?
8
Let k(u) = u**2 - 7*u + 13. Calculate k(6).
7
Let o(p) = -p**3 + 7*p**2 - 19*p + 70. Give o(6).
-8
Let c(y) = y**2 + 9*y - 1. Determine c(-9).
-1
Let f(j) = -2*j**2 + 16*j + 92. Determine f(12).
-4
Let w(m) = -9*m - 8. Give w(-5).
37
Let r(o) = 19*o**3 - 7*o**2 - 2*o + 1. Determine r(1).
11
Let z(g) = g**3 - 6*g**2 - g + 15. Give z(8).
135
Let u(h) = -h**3 - 6*h**2 - 2*h + 3. Determine u(-6).
15
Let k(a) = a**2 + 11*a + 19. Calculate k(-8).
-5
Let y(i) = i**2 + 4*i - 8. Determine y(-6).
4
Let o(h) = -12*h + 18. Calculate o(-8).
114
Let d(o) = 80*o**3 - 2*o**2 + 1. What is d(1)?
79
Let t(z) = -z**3 - 13*z**2 + 50*z + 37. Calculate t(-16).
5
Let v(p) = 3*p**2 - 3*p + 1. What is v(1)?
1
Let m(k) = 2*k**2 - 25*k - 6. Calculate m(9).
-69
Let h(d) = 50*d - 53. What is h(1)?
-3
Let o(x) = -13*x - 75. Calculate o(-6).
3
Let h(u) = 4*u**3 - u**2 - u + 3. What is h(1)?
5
Let n(z) = z**3 + 8*z**2 + 5*z - 3. Determine n(-7).
11
Let u(q) = 6*q - 113. What is u(25)?
37
Let l(r) = 17*r + 40. Calculate l(-6).
-62
Let w(i) = -8*i - 17. What is w(-2)?
-1
Let n(t) = 10*t - 15. Give n(2).
5
Let b(f) = -2*f + 73. What is b(33)?
7
Let u(w) = -w**2 + 5*w + 15. Calculate u(8).
-9
Let f(y) = -9*y + 10. What is f(-5)?
55
Let t(j) = j**2 - 14*j + 90. Give t(9).
45
Let y(l) = 7*l + 115. What is y(-26)?
-67
Let t(w) = -w**2 - 4*w + 7. Give t(-5).
2
Let g(w) = -w**3 + 12*w**2 - 11*w + 1. Determine g(11).
1
Let x(f) = f**3 + f**2 + 3*f + 8. Calculate x(0).
8
Let b(n) = n - 4. Give b(-6).
-10
Let i(q) = q**3 - 12*q**2 + 10*q + 1. Determine i(11).
-10
Let u(v) = v**3 - 6*v**2 + 6*v - 7. Calculate u(5).
-2
Let c(r) = r**3 - 9*r**2 - 13*r + 23. What is c(9)?
-94
Let i(y) = -7*y + 8. Give i(-8).
64
Let k(m) = 2*m + 1. What is k(2)?
5
Let d(z) = -3*z**3 + 18*z**2 + z. Give d(6).
6
Let x(a) = a**2 + a - 2. Determine x(-3).
4
Let h(n) = -6*n**3 + 3*n**2 - n - 3. What is h(-1)?
7
Let x(l) = l**2 + 19*l + 101. Calculate x(-12).
17
Let w(z) = z - 7. What is w(-18)?
-25
Let a(y) = -11*y - 173. What is a(-17)?
14
Let g(m) = m**3 - 2*m**2 + 2*m - 4. What is g(3)?
11
Let v(w) = 18*w + 1. Calculate v(0).
1
Let m(r) = r**3 - 6*r**2 - 8*r + 15. Calculate m(7).
8
Let w(j) = -j**3 + 8*j**2 - 7*j + 6. Give w(7).
6
Let b(d) = d**2 + 4*d - 2. Give b(-4).
-2
Let n(l) = -2*l**3 + 3*l**2 + 45*l. Determine n(-4).
-4
Let a(v) = 12*v + 303. Give a(-26).
-9
Let m(k) = -5*k - 4. Give m(3).
-19
Let x(w) = -2*w**3 - w + 2. What is x(2)?
-16
Let x(c) = c**3 + 14*c**2 + 36*c - 12. Give x(-6).
60
Let o(k) = -2*k**3 - 13*k**2 + 2*k - 17. What is o(-7)?
18
Let t(m) = m**2 - m - 26. Calculate t(0).
-26
Let z(y) = -y**2 - 8*y + 3. Calculate z(0).
3
Let q(a) = 6*a + 75. What is q(-16)?
-21
Let t(l) = -3*l - 16. Give t(-3).
-7
Let p(k) = -k**3 + 7*k**2 - 5*k + 5. Determine p(7).
-30
Let d(b) = b**3 - 7*b**2 + 13*b - 10. Determine d(5).
5
Let c(j) = j**2 - 6*j + 6. What is c(5)?
1
Let c(h) = -h**3 - 3*h**2 - 3. Give c(-3).
-3
Let i(p) = p**2 + 21*p - 30. What is i(-22)?
-8
Let p(r) = -12*r - 13. What is p(0)?
-13
Let b(w) = 5*w**3 + 46*w**2 + 8*w - 1. What is b(-9)?
8
Let w(k) = -7*k - 16. Calculate w(-6).
26
Let n(v) = 4*v + 12. Determine n(-4).
-4
Let t(b) = b + 10. Calculate t(-6).
4
Let v(p) = -4*p - 1. Give v(8).
-33
Let t(o) = 2*o**3 + 2*o + 1. Determine t(-1).
-3
Let j(h) = -h**2 + 9*h + 16. What is j(10)?
6
Let x(b) = b**2 + 16*b + 32. Calculate x(-14).
4
Let r(o) = -2*o**2 - 42*o - 6. Determine r(-21).
-6
Let j(p) = p**2 - 10*p + 11. Give j(6).
-13
Let y(a) = a**2 - 15. Calculate y(4).
1
Let v(m) = -m - 10. Determine v(9).
-19
Let b(o) = -2*o + 15. Calculate b(8).
-1
Let m(p) = p**3 - 10*p**2 + 16*p + 3. Give m(9).
66
Let j(l) = l**2 - 37*l + 200. Determine j(30).
-10
Let m(u) = -2*u**2 - 29*u - 12. Give m(-14).
2
Let c(w) = -4*w - 15. Give c(-1).
-11
Let x(s) = -s**3 + 7*s**2 + 21*s - 1. Determine x(9).
26
Let c(o) = -2*o - 42. What is c(7)?
-56
Let k(r) = 34*r + 343. Calculate k(-10).
3
Let z(j) = -j**3 - 9*j**2 - 18*j + 9. Calculate z(-6).
9
Let h(l) = -5*l + 7. What is h(-6)?
37
Let k(z) = 4*z + 41. Give k(-9).
5
Let t(o) = 13*o - 104. Give t(6).
-26
Let t(c) = 2*c**2 - 2*c + 67. Calculate t(0).
67
Let y(a) = 2*a**3 + 8*a**2 + 12*a + 4. Determine y(-2).
-4
Let n(f) = -11*f**2 - 2*f - 2. Give n(-2).
-42
Let p(d) = -4*d**2 + 25*d + 12. Calculate p(6).
18
Let m(x) = 2*x**2 - 30*x - 34. Calculate m(14).
-62
Let d(v) = 2*v**2 + 26*v + 52. Calculate d(-9).
-20
Let r(u) = -31*u**2 - 15*u + 14. Determine r(1).
-32
Let r(a) = -a**3 - 4*a**2 + 8*a + 5. What is r(-5)?
-10
Let s(q) = -q**3 + 14*q**2 - 18*q - 6. Determine s(13).
-71
Let p(x) = -x - 4. What is p(-10)?
6
Let b(s) = s**3 - 20*s**2 + 65*s - 35. Give b(16).
-19
Let g(h) = 2*h + 20. Determine g(-10).
0
Let c(h) = -h**3 + 9*h**2 - 10*h + 20. What is c(9)?
-70
Let r(x) = -x**3 + 4*x**2 + 3*x + 6. Calculate r(5).
-4
Let m(d) = 8*d - 18. Determine m(11).
70
Let w(n) = 47*n**2 - 470*n - 3. Determine w(10).
-3
Let y(p) = -p**3 - 26*p**2 - 50*p - 28. Calculate y(-24).
20
Let l(z) = 3*z - 12. Determine l(5).
3
Let l(w) = 2*w**2 + 7*w + 8. Give l(-6).
38
Let x(n) = -26*n + 206. Give x(8).
-2
Let p(m) = 5*m - 16. Determine p(6).
14
Let a(y) = -2*y**2 + 3*y - 10. What is a(5)?
-45
Let p(j) = j**3 + 10*j**2 - 5. Give p(-10).
-5
Let q(d) = -d**3 - d**2 - d + 2. Give q(-4).
54
Let c(s) = -26*s**2 - 3*s + 7. What is c(-2)?
-91
Let i(u) = -2*u**3 + 6*u**2 + 4*u + 1. Determine i(4).
-15
Let a(s) = 7*s**3 + 2*s**2 - s. What is a(1)?
8
Let d(v) = v**2 + 5*v + 8. Determine d(-4).
4
Let y(q) = -q**2 - 19*q - 72. Give y(-5).
-2
Let a(r) = 2*r - 13. Calculate a(10).
7
Let l(p) = 5*p + 41. What is l(-6)?
11
Let a(o) = -o**3 - 7*o**2 - 4*o. What is a(-6)?
-12
Let i(c) = 3*c**2 - 23*c - 5. What is i(8)?
3
Let h(j) = 7*j + 201. Calculate h(-29).
-2
Let r(h) = h - 6. Calculate r(5).
-1
Let q(s) = -65*s + 126. Determine q(2).
-4
Let k(c) = c**3 + 6*c**2 - 5*c + 10. Calculate k(-7).
-4
Let p(w) = -3*w**2 - 86*w + 8. Calculate p(-29).
-21
Let f(h) = -h**3 - 8*h**2 - 5*h - 4. Determine f(-7).
-18
Let y(k) = 6*k + 106. What is y(-20)?
-14
Let g(l) = -4*l**2 + 45*l + 1. What is g(11)?
12
Let c(o) = o**3 - 14*o**2 + 25*o - 14. Calculate c(12).
-2
Let i(a) = 2*a**3 - 7*a**2 + 2*a + 1. Determine i(3).
-2
Let h(w) = -15*w. Determine h(5).
-75
Let o(z) = -z**3 + 10*z**2 + 26*z + 5. Determine o(12).
29
Let s(j) = 5*j**2 - 4*j. Give s(3).
33
Let s(f) = -f**3 + 4*f*